{"id":177,"date":"2020-02-07T17:13:00","date_gmt":"2020-02-07T17:13:00","guid":{"rendered":"http:\/\/sprachsalon.at\/?page_id=177"},"modified":"2020-02-07T20:02:11","modified_gmt":"2020-02-07T20:02:11","slug":"startseite-3","status":"publish","type":"page","link":"https:\/\/sprachsalon.at\/","title":{"rendered":"Startseite"},"content":{"rendered":"\n<figure class=\"wp-block-image size-large\"><img loading=\"lazy\" width=\"930\" height=\"750\" src=\"https:\/\/sprachsalon.at\/wp-content\/uploads\/2020\/02\/V\u00f6gel.jpg\" alt=\"\" class=\"wp-image-26\" srcset=\"https:\/\/sprachsalon.at\/wp-content\/uploads\/2020\/02\/V\u00f6gel.jpg 930w, https:\/\/sprachsalon.at\/wp-content\/uploads\/2020\/02\/V\u00f6gel-300x242.jpg 300w, https:\/\/sprachsalon.at\/wp-content\/uploads\/2020\/02\/V\u00f6gel-768x619.jpg 768w\" sizes=\"(max-width: 930px) 100vw, 930px\" \/><\/figure>\n\n\n\n<p><br><\/p>\n\n\n\n<h1>Deutsch und Italienisch lernen in Wien<\/h1>\n\n\n\n<p>Der Sprachsalon befindet sich mitten in Wien im siebten Bezirk an der Ecke Neubaugasse \/ Burggasse.<\/p>\n\n\n\n<p><br><\/p>\n\n\n\n<h1>Der Sprachsalon<\/h1>\n\n\n\n<p>Im Sprachsalon wird Deutsch und Italienisch unterrichtet. <br>In gem\u00fctlicher Wohnzimmeratmosph\u00e4re und durch individuell angepasstes Lernen.<\/p>\n\n\n\n<p>Der Sprachsalon hat sich in den letzten Jahren besonders auf Einzelunterricht und Unterricht zu zweit spezialisiert.<\/p>\n\n\n\n<p>Sie erhalten ein genau auf Sie zugeschnittenes Lernprogramm und k\u00f6nnen oft in recht kurzer Zeit Ihre Sprachkenntnisse verbessern und Ihre individuellen Sprachziele erreichen.<\/p>\n\n\n\n<p>Durch die pers\u00f6nliche Betreuung sind im Vergleich zu Gruppenunterricht deutlich weniger Stunden von N\u00f6ten, um gleiche Ziele zu erreichen.<\/p>\n\n\n\n<p>\u00dcben Sie ihre Zielsprache in Ihrem eigenen Tempo und entsprechend Ihren pers\u00f6nlichen Bed\u00fcrfnissen.<\/p>\n\n\n\n<p>Sehr viele Sprachsch\u00fcler\/innen konnte ich bei der Vorbereitung auf Aufnahme- oder Zertifikationspr\u00fcfungen individuell unterst\u00fctzen und Sie erfolgreich zur Pr\u00fcfung begleiten.<\/p>\n\n\n\n<p>Der Weg zur Sprachbeherrschung ist f\u00fcr jede\/n anders und ich helfe Ihnen den richtigen zu finden!<\/p>\n\n\n\n<p>Ich habe mehr als f\u00fcnfzehnj\u00e4hrige Erfahrung im Sprachunterricht!<\/p>\n\n\n\n<p>Fragen?<\/p>\n\n\n\n<p>Mag. Katharina Gebharter  +43 699 123 55 323<\/p>\n\n\n\n<p><br><\/p>\n\n\n\n<hr class=\"wp-block-separator\"\/>\n\n\n\n<p><br><\/p>\n\n\n\n<h2>Gutscheine f\u00fcr Sprachkurse zum Verschenken.<\/h2>\n\n\n\n<h2>Gift Coupons for Language lessons.<\/h2>\n\n\n\n<h2>Buoni per i corsi di tedesco da regalare.<\/h2>\n\n\n\n<p><br><\/p>\n","protected":false},"excerpt":{"rendered":"<p>Deutsch und Italienisch lernen in Wien Der Sprachsalon befindet sich mitten in Wien im siebten Bezirk an der Ecke Neubaugasse \/ Burggasse. Der Sprachsalon Im Sprachsalon wird Deutsch und Italienisch unterrichtet. In gem\u00fctlicher Wohnzimmeratmosph\u00e4re und durch individuell angepasstes Lernen. Der Sprachsalon hat sich in den letzten Jahren besonders auf Einzelunterricht und Unterricht zu zweit spezialisiert. [&hellip;]<\/p>\n","protected":false},"author":1,"featured_media":0,"parent":0,"menu_order":0,"comment_status":"closed","ping_status":"closed","template":"","meta":[],"_links":{"self":[{"href":"https:\/\/sprachsalon.at\/index.php?rest_route=\/wp\/v2\/pages\/177"}],"collection":[{"href":"https:\/\/sprachsalon.at\/index.php?rest_route=\/wp\/v2\/pages"}],"about":[{"href":"https:\/\/sprachsalon.at\/index.php?rest_route=\/wp\/v2\/types\/page"}],"author":[{"embeddable":true,"href":"https:\/\/sprachsalon.at\/index.php?rest_route=\/wp\/v2\/users\/1"}],"replies":[{"embeddable":true,"href":"https:\/\/sprachsalon.at\/index.php?rest_route=%2Fwp%2Fv2%2Fcomments&post=177"}],"version-history":[{"count":24,"href":"https:\/\/sprachsalon.at\/index.php?rest_route=\/wp\/v2\/pages\/177\/revisions"}],"predecessor-version":[{"id":219,"href":"https:\/\/sprachsalon.at\/index.php?rest_route=\/wp\/v2\/pages\/177\/revisions\/219"}],"wp:attachment":[{"href":"https:\/\/sprachsalon.at\/index.php?rest_route=%2Fwp%2Fv2%2Fmedia&parent=177"}],"curies":[{"name":"wp","href":"https:\/\/api.w.org\/{rel}","templated":true}]}}